t are the prime factors of p(3)?
2, 83
Suppose 25 = 5*y, -2*y - 139 = -3*v - y. Suppose 0*s + 3*s + v = 0. Let b(l) = 2*l + 36. What are the prime factors of b(s)?
2
Let z(v) be the first derivative of v**4/4 - 2*v**3/3 - 13*v**2/2 + 58*v - 162. List the prime factors of z(10).
2, 7, 13
Let j(b) = -12*b - 19. Let f be j(-2). List the prime factors of (-16)/(-20)*f + -1 - -425.
2, 107
Suppose -2*v + 1726 = 286. Suppose 11*h = 7*h - v. Let c = 333 + h. What are the prime factors of c?
3, 17
Suppose 0 = 4*g + 4*n - 4, -3 = -3*g - 0*g + n. Let d be 1*(1 + (-1 - g)) + 6. Suppose d*q - 339 = -y - y, -3*y - 9 = 0. List the prime factors of q.
3, 23
Let p = -83 + 87. Suppose 3*q = 4*m - 24, -3*m - p*q - 13 = -2*m. Suppose -5*g + 276 = -m*v - v, 2*v = 2. List the prime factors of g.
2, 7
Suppose g + 3*q = 311, -3*g = -5*q + 90 - 981. Let d = 22 + g. List the prime factors of d.
2, 3
What are the prime factors of 70294/6 + 12/360*40?
11717
Let t(v) = 4*v + 806. List the prime factors of t(-23).
2, 3, 7, 17
Suppose -2*n = 0, -2*n - 3*n = 5*g - 215. Let p(r) = -g*r + 9 - 37*r + 84*r. What are the prime factors of p(6)?
3, 11
Let f(d) = -2*d**2 + 218*d - 12. List the prime factors of f(46).
2, 3, 241
Let i(o) = o**3 + 58*o**2 + 89*o - 65. List the prime factors of i(-45).
5, 4451
Let p be 7 - 5/(40/(-24)). List the prime factors of 26*-71*p/60*-3.
13, 71
Let o = 10999 + -3982. List the prime factors of o.
3, 2339
Let m be 45/60 + ((-230)/8)/5. What are the prime factors of (790/6)/(2 - m/(-3))?
5, 79
Suppose -5*k + 3826 = -12719. Suppose 16*n - 12*n = -d + k, 4*d = n - 823. List the prime factors of n.
827
Let r(x) = 19*x**2 - 10*x + 785. List the prime factors of r(20).
5, 1637
Suppose -129*p = -151*p + 70378. List the prime factors of p.
7, 457
Let o(n) = 4250*n + 55. What are the prime factors of o(1)?
3, 5, 7, 41
Let o(s) = -s**2 + 22*s + 32. What are the prime factors of o(11)?
3, 17
Suppose 0 = 5*j - 5, 2*l + 45*j = 47*j + 12486. What are the prime factors of l?
2, 7, 223
Let c(j) = -3*j + 356 + 3*j**2 + 0*j**2 + 7*j**2 - 10*j**2 - 2*j**3. What are the prime factors of c(0)?
2, 89
Let v(c) be the second derivative of c**5/20 - c**4/4 - c**3/2 - 3*c**2 + 17*c. Let g be v(4). What are the prime factors of (g - (-32)/6)*630/50?
2, 3, 7
Suppose 0 = s - 3*s + d + 8, -4*d = 5*s + 6. Suppose -2*u = -3*g - 437, u - 4*g = -s*g + 220. What are the prime factors of u?
2, 107
Suppose 2*y + 5*n - 32049 = 0, -y + 2*n = -4476 - 11571. What are the prime factors of y?
7, 29, 79
Let v = -238 + 43. Let p = v - -736. List the prime factors of p.
541
Suppose 0 = -5*u + 8*u - 1497. Let q = 245 + u. List the prime factors of q.
2, 3, 31
Suppose -3*k = 3*i - 149442, 3*i - 149448 = -6*k + k. What are the prime factors of i?
49811
Let g(s) = 4*s**3 - 3*s - 122 - s**2 + 118 - 2*s**3. Let z be g(-5). List the prime factors of z/(-2) + 1/((-4)/8).
2, 5, 13
Let j be 2/(-4)*0 + 2. Suppose 4*l - 2 - 18 = j*d, -l = -4*d - 5. Suppose 0 = l*m - 5*t - 205, -5*m + 30 = -3*t - 177. List the prime factors of m.
2, 3, 7
Suppose -36*u + 150000 - 39732 = 0. What are the prime factors of u?
3, 1021
Let q = 11 + -9. Let g(j) = -20 + 13 + q - 3*j. What are the prime factors of g(-10)?
5
Suppose 6 = -f, y - 5690 = -3*y - f. List the prime factors of y.
2, 89
Let c = 4466 + 26301. What are the prime factors of c?
11, 2797
Let v(b) = b + 3. Let j be v(-7). Let q be 0 + -4 - 388/j. Let r = q + -44. List the prime factors of r.
7
Let w(u) = u - 2. Let d be w(7). Let f(o) = -27*o**2 + 22*o - 7. Let z be f(d). List the prime factors of z/(-5) + 54/(-10) + 5.
2, 3, 19
Suppose 0 = -57*s + 58*s + 1. Let f be (-243)/(-54) + s/2. Suppose 0 = -c + f + 73. What are the prime factors of c?
7, 11
Let n(l) = 4*l - 2. Let j be n(-4). Let o(b) = b**2 + 15*b + 10. Let t be o(j). Suppose 2*w = -3*s - 3*w + t, -w = 4. What are the prime factors of s?
2, 7
Let g(b) = 12*b**3 - b**2 - 2*b - 47. Let i be g(-4). Let j = i + 1069. List the prime factors of j.
2, 3, 41
Let g = -71 + 86. Suppose 17*k = g*k + 14. List the prime factors of (-212)/(-3) + (-120)/18 + k.
71
Let v = 44 - 42. Suppose -v*z - 8 = 0, z - 57 - 207 = -4*w. What are the prime factors of w?
67
Let t(m) = -m**3 - 21*m**2 - 16*m - 47. Let x be t(-20). Let u = x - -56. Let b = u + 108. What are the prime factors of b?
37
Suppose 14*h = 16*h - 12. Suppose -7*z = -h*z + 2*l - 157, 4*l = -4*z + 616. List the prime factors of z.
151
Suppose 1895 = -5*q - 3*a + 58664, 5*q - 5*a - 56745 = 0. Suppose -5*o + q = 3297. List the prime factors of o.
3, 179
Let x(g) = -5*g**2 - 5*g - 21. Let w(c) = -6*c**2 - 6*c - 20. Let z(p) = -4*w(p) + 5*x(p). Let h be z(0). List the prime factors of 610/25 - (-10)/h.
2, 3
Let j be 1 + ((-3)/21 - 7792/(-7)). Suppose 4*n - l + j = 0, 2*l + 0 - 4 = 0. List the prime factors of (-2)/(((-16)/n)/(-4)).
139
List the prime factors of (-180)/(-420)*(-3)/((-45)/1553230).
2, 22189
Let t = -37 + 42. Suppose -t*r - 131 - 9 = 0. Let l = r - -81. List the prime factors of l.
53
Let a(x) = 6*x**2 - 27*x - 8. Let q be a(8). Let n = q + 251. List the prime factors of n.
3, 137
Let j = -176 + 7334. What are the prime factors of j?
2, 3, 1193
Let j = 450 + -231. Suppose 0 = 10*r + j - 909. Let s = r - -16. What are the prime factors of s?
5, 17
Let y be (-21)/(-24)*6 - (-3)/(-12). Suppose -124 + 134 = -y*q. What are the prime factors of (-27)/q + (-17)/34?
13
Suppose -3*d + i = -56365 - 79859, -d - 7*i = -45430. List the prime factors of d.
7, 13, 499
Let r = -1917 - -7143. List the prime factors of r.
2, 3, 13, 67
Let h(t) = -t**3 - 28*t**2 - 21*t - 27. List the prime factors of h(-28).
3, 11, 17
Let m = -112 - -114. Suppose m*z + 202 = 2*s, 214 = 2*s + 2*z - 7*z. List the prime factors of s.
97
Let p = -658 + 4271. What are the prime factors of p?
3613
Let s = 21 - -33. Suppose -3*y - 2*k + s = 0, -90 = -5*y - 0*k - 4*k. List the prime factors of y/27*(19 - 1).
2, 3
Let y = 138286 + -83893. List the prime factors of y.
3, 18131
Let w = -163135 + 246607. List the prime factors of w.
2, 3, 37, 47
Let a(r) = -44 + 25 - 6 + 14*r**2 + r**3 + 8*r. List the prime factors of a(-7).
2, 131
Suppose -40*t = -14*t - 130. Suppose 2 = -3*u - 1, 0 = v - t*u - 250. What are the prime factors of v?
5, 7
Let u = -33153 - -65195. What are the prime factors of u?
2, 37, 433
Let d be 1872 + 0 + -2 + 1 - 1. Suppose 0 = 5*t - 420 - d. Let u = -253 + t. List the prime factors of u.
5, 41
Let z(y) be the first derivative of 38*y**3/3 + y**2 - 13*y - 14. What are the prime factors of z(4)?
3, 67
What are the prime factors of 352/704 + (-23978)/(-4)?
5, 11, 109
Suppose -28653 = -3*h + 11*i - 6*i, -h - 2*i = -9573. What are the prime factors of h?
3, 3187
What are the prime factors of 4/14 - (2 - (243864/(-14))/(-4))?
3, 1451
Let w = 764 + -759. Suppose 2*u - 5636 - 1708 = -w*s, -2*u = -4*s + 5886. What are the prime factors of s?
2, 3, 5, 7
Suppose 6464198 = 99*c + 14*c - 7*c. What are the prime factors of c?
13, 4691
Suppose -3*w + 864 = 5*w. Let k(o) = -o**2 - 12*o - 14. Let v be k(-10). Suppose -4*p - w = -v*p. List the prime factors of p.
2, 3
Let u be (-1)/(3/(-10))*(-6)/4. List the prime factors of (2 + -2 + u)*-139.
5, 139
Let g(r) = -2*r - 40. Let a be g(-22). Suppose 3*v = 2*v + 2, 5*x - 4488 = -a*v. Suppose 0 = t + 5*m - 247, 3*m = 4*t - 0*m - x. List the prime factors of t.
227
Let s = 29252 - 8487. What are the prime factors of s?
5, 4153
Let o(s) = -4*s - 64. Let v be o(-16). Suppose v = 4*a + 3*p - 1428, -7*a + 9*a - 740 = 5*p. List the prime factors of a.
2, 3, 5
Suppose -5*t + 7*t + 5*l - 3906 = 0, 7812 = 4*t + l. Suppose t = 15*u - 8*u. What are the prime factors of u?
3, 31
Let t = -2047 - -4745. Let m = t - 1069. List the prime factors of m/12 + (-3)/(-12).
2, 17
Suppose -2*c = 3*f - 20265, -4*f = 2*c - 8188 - 12082. List the prime factors of c.
3, 5
Let z(n) = -8*n**3 + 5*n**2 + 18*n - 6. Suppose 0 = -4*m + 12, -2*m - 18 = -4*b + 8*b. List the prime factors of z(b).
2, 3, 13, 23
Let j(h) = 19*h + 27*h + 95 + 3*h + 24. List the prime factors of j(7).
2, 3, 7, 11
Suppose 14331 = 4*j - 7589. Suppose 0 = -1039*l + 1031*l + j. What are the prime factors of l?
5, 137
Let t = 9115 + 3095. List the prime factors of t.
2, 3, 5, 11, 37
Suppose 2*q - 419 = 129